{"id":9,"date":"2024-06-10T07:29:18","date_gmt":"2024-06-10T10:29:18","guid":{"rendered":"https:\/\/blogdowilliao.com.br\/?page_id=9"},"modified":"2025-05-07T12:12:20","modified_gmt":"2025-05-07T15:12:20","slug":"home","status":"publish","type":"page","link":"https:\/\/blogdowilliao.com.br\/","title":{"rendered":"Home"},"content":{"rendered":"\n<p><h1>Template de P\u00e1gina para Categorias<\/h1>\n\n<header>\n    <h2>Nome da Categoria<\/h2>\n<\/header>\n\n<section class=\"banner\">\n    <h3>Marketing<\/h3>\n    <p>Explore os principais temas relacionados ao Marketing, incluindo estrat\u00e9gias, dicas e tend\u00eancias do mercado.<\/p>\n<\/section>\n\n<section class=\"artigos\">\n    <h4>Artigos da Categoria<\/h4>\n    <div class=\"artigo\">\n        <img decoding=\"async\" src=\"miniatura1.jpg\" alt=\"T\u00edtulo do Artigo 1\">\n        <h5>T\u00edtulo do Artigo 1<\/h5>\n        <p>Descri\u00e7\u00e3o curta do artigo 1.<\/p>\n    <\/div>\n    <div class=\"artigo\">\n        <img decoding=\"async\" src=\"miniatura2.jpg\" alt=\"T\u00edtulo do Artigo 2\">\n        <h5>T\u00edtulo do Artigo 2<\/h5>\n        <p>Descri\u00e7\u00e3o curta do artigo 2.<\/p>\n    <\/div>\n    <!-- Adicione mais artigos conforme necess\u00e1rio -->\n<\/section>\n\n<nav class=\"pagination\">\n    <a href=\"#\">&laquo; Anterior<\/a>\n    <a href=\"#\">1<\/a>\n    <a href=\"#\">2<\/a>\n    <a href=\"#\">3<\/a>\n    <a href=\"#\">Pr\u00f3ximo &raquo;<\/a>\n<\/nav>\n\n<footer>\n    <div class=\"links-rapidos\">\n        <a href=\"#\">Sobre N\u00f3s<\/a>\n        <a href=\"#\">Contato<\/a>\n        <a href=\"#\">Pol\u00edtica de Privacidade<\/a>\n    <\/div>\n    <div class=\"redes-sociais\">\n        <a href=\"#\">Facebook<\/a>\n        <a href=\"#\">Twitter<\/a>\n        <a href=\"#\">Instagram<\/a>\n    <\/div>\n    <form class=\"captura-email\">\n        <label for=\"email\">Inscreva-se para receber novidades:<\/label>\n        <input type=\"email\" id=\"email\" name=\"email\" required>\n        <button type=\"submit\">Enviar<\/button>\n    <\/form>\n<\/footer><\/p>\n","protected":false},"excerpt":{"rendered":"<p>Template de P\u00e1gina para Categorias Nome da Categoria Marketing Explore os principais temas relacionados ao Marketing, incluindo estrat\u00e9gias, dicas e tend\u00eancias do mercado. Artigos da Categoria T\u00edtulo do Artigo 1 Descri\u00e7\u00e3o curta do artigo 1. T\u00edtulo do Artigo 2 Descri\u00e7\u00e3o curta do artigo 2. &laquo; Anterior 1 2 3 Pr\u00f3ximo &raquo; Sobre N\u00f3s Contato Pol\u00edtica [&hellip;]<\/p>\n","protected":false},"author":1,"featured_media":28,"parent":0,"menu_order":0,"comment_status":"closed","ping_status":"closed","template":"","meta":{"footnotes":""},"class_list":["post-9","page","type-page","status-publish","has-post-thumbnail","hentry"],"_links":{"self":[{"href":"https:\/\/blogdowilliao.com.br\/index.php?rest_route=\/wp\/v2\/pages\/9","targetHints":{"allow":["GET"]}}],"collection":[{"href":"https:\/\/blogdowilliao.com.br\/index.php?rest_route=\/wp\/v2\/pages"}],"about":[{"href":"https:\/\/blogdowilliao.com.br\/index.php?rest_route=\/wp\/v2\/types\/page"}],"author":[{"embeddable":true,"href":"https:\/\/blogdowilliao.com.br\/index.php?rest_route=\/wp\/v2\/users\/1"}],"replies":[{"embeddable":true,"href":"https:\/\/blogdowilliao.com.br\/index.php?rest_route=%2Fwp%2Fv2%2Fcomments&post=9"}],"version-history":[{"count":4,"href":"https:\/\/blogdowilliao.com.br\/index.php?rest_route=\/wp\/v2\/pages\/9\/revisions"}],"predecessor-version":[{"id":35,"href":"https:\/\/blogdowilliao.com.br\/index.php?rest_route=\/wp\/v2\/pages\/9\/revisions\/35"}],"wp:featuredmedia":[{"embeddable":true,"href":"https:\/\/blogdowilliao.com.br\/index.php?rest_route=\/wp\/v2\/media\/28"}],"wp:attachment":[{"href":"https:\/\/blogdowilliao.com.br\/index.php?rest_route=%2Fwp%2Fv2%2Fmedia&parent=9"}],"curies":[{"name":"wp","href":"https:\/\/api.w.org\/{rel}","templated":true}]}}